hat is the remainder when 656 is divided by 61?
46
Calculate the remainder when 838 is divided by 660.
178
Calculate the remainder when 200529 is divided by 34.
31
Calculate the remainder when 2911 is divided by 865.
316
Calculate the remainder when 623279 is divided by 848.
847
What is the remainder when 8180 is divided by 101?
100
Calculate the remainder when 27942 is divided by 115.
112
What is the remainder when 4697 is divided by 4672?
25
Calculate the remainder when 49054 is divided by 146.
144
What is the remainder when 988 is divided by 56?
36
What is the remainder when 10550 is divided by 7?
1
Calculate the remainder when 23278 is divided by 131.
91
What is the remainder when 194165 is divided by 26?
23
What is the remainder when 148901 is divided by 730?
711
What is the remainder when 35 is divided by 16?
3
What is the remainder when 15819 is divided by 7902?
15
Calculate the remainder when 130605 is divided by 18.
15
What is the remainder when 42105 is divided by 42019?
86
What is the remainder when 35794 is divided by 26?
18
What is the remainder when 186946 is divided by 19?
5
What is the remainder when 1940 is divided by 384?
20
What is the remainder when 204712 is divided by 41?
40
Calculate the remainder when 949 is divided by 443.
63
Calculate the remainder when 1412 is divided by 232.
20
What is the remainder when 186284 is divided by 23285?
4
Calculate the remainder when 2437407 is divided by 235.
222
Calculate the remainder when 1344903 is divided by 6.
3
What is the remainder when 185661 is divided by 463?
461
What is the remainder when 122105 is divided by 187?
181
What is the remainder when 120025 is divided by 399?
325
Calculate the remainder when 486 is divided by 126.
108
What is the remainder when 2446 is divided by 960?
526
Calculate the remainder when 960654 is divided by 133.
128
Calculate the remainder when 5598 is divided by 11.
10
What is the remainder when 116530 is divided by 135?
25
Calculate the remainder when 815 is divided by 116.
3
What is the remainder when 17026 is divided by 8402?
222
Calculate the remainder when 448835 is divided by 458.
453
Calculate the remainder when 7109 is divided by 886.
21
Calculate the remainder when 346430 is divided by 3725.
5
Calculate the remainder when 77514 is divided by 686.
682
What is the remainder when 29264 is divided by 119?
109
Calculate the remainder when 1677 is divided by 56.
53
What is the remainder when 1499231 is divided by 1552?
1551
Calculate the remainder when 61461 is divided by 78.
75
Calculate the remainder when 328669 is divided by 1429.
1428
Calculate the remainder when 29105 is divided by 26.
11
Calculate the remainder when 107108 is divided by 107097.
11
Calculate the remainder when 2187 is divided by 28.
3
Calculate the remainder when 6886 is divided by 246.
244
Calculate the remainder when 84643 is divided by 28213.
4
Calculate the remainder when 10789 is divided by 308.
9
Calculate the remainder when 21349 is divided by 788.
73
Calculate the remainder when 36950 is divided by 213.
101
Calculate the remainder when 3359 is divided by 328.
79
Calculate the remainder when 29985 is divided by 2497.
21
What is the remainder when 99823 is divided by 8?
7
What is the remainder when 69658 is divided by 34822?
14
Calculate the remainder when 751 is divided by 243.
22
What is the remainder when 19252 is divided by 1013?
5
What is the remainder when 653355 is divided by 374?
351
Calculate the remainder when 12027 is divided by 64.
59
Calculate the remainder when 199856 is divided by 1537.
46
What is the remainder when 1156 is divided by 5?
1
What is the remainder when 5314 is divided by 77?
1
What is the remainder when 25069 is divided by 714?
79
Calculate the remainder when 9368708 is divided by 683.
680
What is the remainder when 6539 is divided by 49?
22
What is the remainder when 3028 is divided by 112?
4
What is the remainder when 39602 is divided by 943?
939
What is the remainder when 3438407 is divided by 21?
14
Calculate the remainder when 12388 is divided by 299.
129
Calculate the remainder when 1347 is divided by 1075.
272
Calculate the remainder when 27185 is divided by 103.
96
What is the remainder when 81380 is divided by 27117?
29
Calculate the remainder when 4393 is divided by 125.
18
Calculate the remainder when 371638 is divided by 152.
150
Calculate the remainder when 465215 is divided by 64.
63
What is the remainder when 42430 is divided by 221?
219
Calculate the remainder when 9582 is divided by 1911.
27
Calculate the remainder when 122176 is divided by 2542.
160
Calculate the remainder when 446 is divided by 181.
84
Calculate the remainder when 2084849 is divided by 30.
29
What is the remainder when 2589 is divided by 182?
41
What is the remainder when 35264 is divided by 20?
4
What is the remainder when 3480 is divided by 54?
24
What is the remainder when 129453 is divided by 2194?
7
What is the remainder when 21272 is divided by 387?
374
Calculate the remainder when 24448 is divided by 12147.
154
What is the remainder when 4736 is divided by 20?
16
Calculate the remainder when 1453 is divided by 59.
37
What is the remainder when 3089 is divided by 346?
321
What is the remainder when 154007 is divided by 1439?
34
What is the remainder when 263528 is divided by 131758?
12
What is the remainder when 52282 is divided by 88?
10
What is the remainder when 286272 is divided by 11?
8
What is the remainder when 46640 is divided by 23316?
8
What is the remainder when 114790 is divided by 2087?
5
Calculate the remainder when 5002 is divided by 754.
478
Calculate the remainder when 119887 is divided by 59938.
11
Calculate the remainder when 1342 is divided by 5.
2
Calculate the remainder when 173869 is divided by 28978.
1
Calculate the remainder when 3748 is divided by 340.
8
What is the remainder when 2529 is divided by 2418?
111
What is the remainder when 3037304 is divided by 15?
14
What is the remainder when 745143 is divided by 17?
16
Calculate the remainder when 7369 is divided by 2147.
928
Calculate the remainder when 2172 is divided by 159.
105
Calculate the remainder when 435877 is divided by 641.
638
What is the remainder when 12714 is divided by 169?
39
What is the remainder when 120361 is divided by 19?
15
Calculate the remainder when 42953 is divided by 651.
638
Calculate the remainder when 24558 is divided by 221.
27
Calculate the remainder when 8657 is divided by 124.
101
Calculate the remainder when 2094 is divided by 46.
24
Calculate the remainder when 268454 is divided by 310.
304
What is the remainder when 20152 is divided by 159?
118
What is the remainder when 913 is divided by 450?
13
Calculate the remainder when 90656 is divided by 279.
260
Calculate the remainder when 1241571 is divided by 74.
73
What is the remainder when 1693 is divided by 122?
107
What is the remainder when 15751 is divided by 2324?
1807
Calculate the remainder when 255618 is divided by 1241.
1213
What is the remainder when 1001328 is divided by 167?
163
Calculate the remainder when 1926 is divided by 742.
442
Calculate the remainder when 100915 is divided by 2725.
90
What is the remainder when 23789 is divided by 4748?
49
Calculate the remainder when 76853 is divided by 122.
115
What is the remainder when 3440 is divided by 111?
110
What is the remainder when 704896 is divided by 97?
94
Calculate the remainder when 46143 is divided by 11485.
203
What is the remainder when 16510 is divided by 15?
10
What is the remainder when 3446 is divided by 226?
56
Calculate the remainder when 185612 is divided by 84.
56
Calculate the remainder when 5804 is divided by 39.
32
What is the remainder when 29918 is divided by 197?
171
Calculate the remainder when 148708 is divided by 12391.
16
What is the remainder when 565 is divided by 77?
26
Calculate the remainder when 12212 is divided by 13.
5
What is the remainder when 2372 is divided by 12?
8
What is the remainder when 6821 is divided by 5053?
1768
What is the remainder when 38425 is divided by 3835?
75
What is the remainder when 13519 is divided by 117?
64
Calculate the remainder when 17821 is divided by 74.
61
Calculate the remainder when 1853 is divided by 110.
93
Calculate the remainder when 7030 is divid